156. Let d be ((-26)/12)/((-114)/36 - j). What is the greatest common divisor of d and 104?
13
Let s(z) = z**3 - 8*z**2 + z - 2. Let v be s(8). Let x be (-2)/9 + -11 + 2320/72. Calculate the highest common divisor of v and x.
3
Let s be 2/(-1)*(22/(-4) + 3). Let v be (0 - -3) + (s - -22). Suppose 0 = -4*x - o + 43, -4*x - o = -4*o - 31. Calculate the highest common factor of x and v.
10
Suppose 4*c - 294 = -2*j, -5*c = 4*j - 8*j - 348. Calculate the greatest common divisor of 6516 and c.
36
Let l(k) = 36*k**2 + 493*k + 118. Let w be l(-14). What is the greatest common factor of 1648 and w?
16
Let o(c) = c**2 - 26*c + 205. Let i be o(19). What is the greatest common divisor of i and 156?
12
Let m(i) = -2*i**3 - 21*i**2 - 11*i + 55. Let p be m(-11). What is the highest common divisor of 22 and p?
11
Suppose -8*b = -4*b - 12. Suppose 2*i - 4*r = -i + 68, b*i = -4*r + 28. Suppose -20*n + 12*n + i = 0. What is the greatest common factor of n and 22?
2
Let b(r) = -691*r + 4869. Let m be b(7). Calculate the greatest common factor of m and 2960.
16
Suppose -15*j + 3684 = 2*z - 11*j, -3*z + 5*j + 5482 = 0. What is the highest common factor of 131 and z?
131
Let l = -90 + 90. Let o(h) = -h**3 + h**2 + h + 2. Let d be o(l). Let z be (d - 1)/(1/9). What is the highest common factor of z and 3?
3
Let m = -10042 - -10044. Let c be 27 + 0 - (2 + -1). Suppose -41 = -5*y - m*n, 0 = -5*y - 0*y + 3*n + c. Calculate the greatest common divisor of 35 and y.
7
Let o = -470 + 472. Suppose 5*a - 7*a + 12 = 2*b, 0 = o*a - 4. Calculate the highest common factor of 68 and b.
4
Suppose 2*s = -o + 22833, 51*s - 11413 = 50*s - 4*o. What is the greatest common factor of 932 and s?
233
Suppose -1163 - 930 = -13*f. Calculate the greatest common divisor of f and 112.
7
Let h(o) = 3*o**2 + 7*o + 14. Let y be (-2 - -7)*3 + (2 - -1). Suppose y*z + 48 = 10*z. Let v be h(z). Calculate the greatest common factor of v and 10.
10
Let a(o) = -2*o**2 - 15*o - 31. Let h be a(-5). Let n be 6 + (143 - h) - 8. Calculate the highest common divisor of n and 196.
49
Let o(l) = 157*l**2 - 15*l + 962. Let z be o(0). Suppose -4*d + 119 = -5*u, 2 = -d - 4*u + 16. What is the highest common factor of z and d?
26
Suppose 0 = 362*j - 363*j + 5264. What is the highest common divisor of 14 and j?
14
Let l = -35 + 39. Let y(z) = -3*z + 41. Let h(k) = -2*k + 41. Let t(s) = l*y(s) - 5*h(s). Let x be t(-25). Calculate the highest common divisor of 9 and x.
9
Suppose 868 = 12*w + 13*w + 118. What is the highest common factor of 2415 and w?
15
Let d = 63 - -127. Suppose 2*f - 16 = 6*f. Let h be (-169 - -1)/f + -4. Calculate the highest common factor of d and h.
38
Let p be (-5)/(-3)*(5/(-2))/(805/(-1995756)). Calculate the highest common divisor of p and 10.
10
Let w(z) = -z + 6. Let x be w(2). Let j = -274 - -478. Suppose -x*m + j = 5*d, 297 = 5*m - 3*d + 5. Calculate the greatest common factor of m and 14.
14
Suppose 2*g = 6*g, g + 134 = -2*p. Let t = 69 + p. Suppose 72 = f - 2*l, 35 = 4*f + t*l - 223. Calculate the highest common divisor of f and 11.
11
Let f = -926 - -1956. Suppose -4*i = 3*d - 5*d - 1028, 3*d = 4*i - f. Calculate the greatest common factor of 96 and i.
32
Let x be 14240/267*(-48)/(-10). What is the greatest common factor of x and 6?
2
Let b be (-40)/(-6) + 32/(-48). Suppose p = -3 + 5. Suppose 5*z - 13 + 3 = j, -p*z = 3*j + 13. Calculate the greatest common divisor of b and z.
1
Suppose y + y - 22 = -w, -5*w = -3*y - 84. Suppose 5*q + 291 = 4*h, 2*h + 3*q - 149 = 2*q. Let d = h - 38. What is the greatest common factor of d and w?
18
Suppose 130*u = 128*u - 6, 4*u + 42222 = 3*z. Calculate the highest common divisor of z and 30.
30
Let t = -5465 + 5478. Let y(r) = 24*r**2 + 2*r - 1. Let z be y(3). Calculate the highest common divisor of z and t.
13
Let n = 1257463 + -1257058. Suppose 3*l - t - 44 = 0, -26 = -2*l - t + 5. Calculate the highest common factor of n and l.
15
Suppose 2*d + 582 = 3*r + 3*d, -3*d = 9. Suppose -2*t = t - r. Let v(u) = -15*u - 154. Let k be v(-12). Calculate the highest common factor of t and k.
13
Suppose 0 = 45*r - 41*r + 20. Let w(v) = 4*v**2 + 15*v - 9. Let s be w(r). What is the highest common factor of s and 40?
8
Suppose 4*m = 3*c + 16, -2*m + 4*m + 2*c - 22 = 0. Let b(j) = j + 17. Let n be b(-8). Suppose -14*r + 385 = -n*r. What is the greatest common factor of m and r?
7
Suppose -69 = -3*k + 3*g, 4*k - 151 + 34 = -g. Let v be (-4)/(k/21) - -188. Calculate the highest common factor of 37 and v.
37
Let u = -266 + 271. Suppose 0*s + 100 = 2*s. Suppose -3*v + v = -s. What is the greatest common divisor of v and u?
5
Suppose -106*q = -12921 - 42411. What is the highest common factor of q and 18?
18
Let j(t) = 3*t**3 + 9*t**2 + 11*t + 40. Let k be j(-3). Calculate the greatest common divisor of 133 and k.
7
Let b be 2*(1 - -1)*(2 + -1). Suppose 3*m - w + 0*w = -63, w = -b*m - 84. Let f = m - -42. Calculate the highest common divisor of 14 and f.
7
Let q(m) = 5*m + 11. Let w(t) = 17*t + 33. Let x(k) = 7*q(k) - 2*w(k). Let l be x(16). What is the greatest common divisor of 9 and l?
9
Let b be 0 - (1 + (-22)/14 + (-733104)/3024). Let k = -357 + 546. Calculate the greatest common factor of k and b.
27
Suppose -170 = -3*y - 4*i, 214 + 71 = 5*y + 5*i. Let x be ((-315)/(-140))/(3/(-8)) - -528. Calculate the highest common factor of x and y.
58
Let l = 576 + -558. Let o be 2142/70*(-5)/(-1). Calculate the greatest common factor of l and o.
9
Let x = -128 - -138. Let o(i) = -i**2 + 31*i - 46. Let b be o(x). What is the highest common divisor of b and 41?
41
Suppose 195*j = 300579 + 394011. What is the greatest common divisor of 26 and j?
26
Let x be -5*685/(-35) + 1/7. Suppose -2*i = -4*m + 126, 4*m + 2*i = m + x. Let q = m + 24. What is the greatest common divisor of q and 8?
8
Suppose m + 2*w - 10 = w, -16 = -4*w. Let k(x) = 2*x + 2. Let i be k(3). Let z be 269*i/10 - m/30. Calculate the greatest common divisor of z and 86.
43
Let y = -3093 + 3191. What is the highest common divisor of 8722 and y?
98
Let p = -5789 - -5809. Calculate the greatest common divisor of 76 and p.
4
Let k be (-2)/18 + ((-196980)/189)/(-20). Calculate the greatest common factor of k and 340.
4
Let p = 462 - 423. Let s(f) = -18*f - 6. Let j be s(-5). Let x = 123 - j. Calculate the highest common divisor of x and p.
39
Suppose -17*q = -48480 - 650. Calculate the greatest common divisor of 40 and q.
10
Let j be 1/((10/54)/5). Let x(u) = 6*u + 7. Let g be x(8). Suppose 71 = 7*d - g. Calculate the highest common factor of j and d.
9
Let m(s) = 32*s - 147. Let c = -251 - -257. Let j be m(c). Calculate the greatest common divisor of j and 315.
45
Let o(r) = r**3 + 152*r**2 - 948*r + 120. Let d be o(-158). Let l(z) = 12*z**2. Let t be l(2). What is the greatest common factor of t and d?
24
Let q(n) = -n**3 + 4*n**2 - 19*n - 57. Let v be q(-4). Calculate the highest common divisor of v and 637.
49
Let q be (-315)/60*(-8)/(-3)*(-89 - -9). Calculate the highest common divisor of 3200 and q.
160
Suppose -3*u + 50 = -2*a, -10 = 87*u - 89*u - 2*a. What is the highest common divisor of u and 416?
4
Let m be (-2)/(-4)*(5 + 101). Let u = -47 + m. Suppose u*r - 119 + 11 = 0. Calculate the highest common factor of r and 45.
9
Suppose 229*p - 224*p = 0. Let k(y) = y**3 + y**2 - y + 140. Let u be k(p). What is the highest common factor of u and 7?
7
Suppose -5*h + 3*h + 3*o = -5, -2*o - 6 = 0. Let r = 7 - h. Suppose -327 + 795 = 141*f - 3339. Calculate the greatest common factor of f and r.
9
Suppose 6 = -c + 36. Let t be (c/(-4))/(12/(-160)). Let s = 103 + -63. What is the highest common factor of s and t?
20
Suppose 4*p - 12*i = -17*i + 37, 4*i - 20 = 0. Suppose -34 = -30*m + 29*m - 3*n, -5*m = p*n - 146. What is the greatest common factor of 26 and m?
2
Suppose 1151 + 6899 = 23*x + 12*x. Calculate the greatest common divisor of x and 46.
46
Let r(z) = -13*z + 2. Let q be r(-10). Suppose 0 = -3*p - 5*i + 56, 5*p - 22 = -i + 42. Calculate the greatest common divisor of p and q.
12
Let i = 9 - 4. Suppose -3*f = 2*u - f - 44, 0 = i*u + 2*f - 98. Let z = 6 + 156. Calculate the highest common divisor of u and z.
18
Suppose 0 = 60*m - 145293 + 141933. Suppose 3*h + 2*h - 2*g - 88 = 0, 4*h + 2*g - 56 = 0. What is 